0 = 2*i - 39 - 31. Let t(n) = -n**3 + 7*n**2 - 5*n - 7. Let p be t(6). Calculate the remainder when i is divided by p - (0 + -1 - 12).
11
Suppose -5*f - 3 = 4*t - 2, -2*t - 8 = 0. Suppose -f*u - 13 = 5. Let c(a) = -2*a - 5. Calculate the remainder when 13 is divided by c(u).
6
Suppose -5*o + 24 = -2*o. Let s be 1/(o/7 + -1). Suppose 4*q = 4*n - 56, 3*q + 2*q + s = -2*n. What is the remainder when 35 is divided by n?
8
Let m be (-3 + (3 - 0))*1. Suppose -3*l + 25 + 11 = m. What is the remainder when 3*(2 - -9) + 1 is divided by l?
10
What is the remainder when (-80)/(-2) - (-5 + 2) is divided by 9?
7
Suppose 340 = 5*z - 65. Calculate the remainder when z is divided by 43.
38
Suppose 4*j + 120 = -5*u, u + 20 = -2*j - 40. Let h = -12 - j. What is the remainder when 71 is divided by h?
17
Let y = 71 + 22. Calculate the remainder when y is divided by 16.
13
Suppose 0 = 4*r - 3*x - 66, -39 + 5 = -2*r + 2*x. What is the remainder when r is divided by 6?
3
Suppose 0 = 3*m - 5*m + 10. Calculate the remainder when (9*8)/4 + 0 is divided by m.
3
Let j be ((-68)/(-10))/((-2)/(-10)). Let b = j - 22. Suppose -2*g - g = -b. Calculate the remainder when 7 is divided by g.
3
Suppose 4*n - 21 = n. Suppose -4*z + 81 - 9 = 0. Calculate the remainder when z is divided by n.
4
Let h(t) = t**2 - 4*t. Calculate the remainder when 58 is divided by h(6).
10
Let x = 83 - 35. Calculate the remainder when x is divided by 17.
14
Suppose 2*s + 2*s - 2*f - 8 = 0, -s = -5*f + 16. Let c = s - 3. Let g(b) = 22*b**3 + 2*b**2 - 2*b + 1. Calculate the remainder when g(c) is divided by 12.
11
Let d(v) = -v**2 + 8*v + 2. Suppose 2*f + 2*f = 12, 3 = 4*c + f. Let b = 1 - c. Calculate the remainder when d(8) is divided by b.
0
What is the remainder when 8/4*(268/8 - 4) is divided by 15?
14
Suppose o = 4, t - 2*t + 147 = 5*o. Let s = t + -45. What is the remainder when s is divided by 28?
26
Suppose -2*y + 5 = -1. Suppose -y*t + 170 = 5*q - 51, -3*t = -4*q + 193. Calculate the remainder when q is divided by 24.
22
Suppose 0 = -p - 4*i + 43, 2*p - 3*i + i - 106 = 0. What is the remainder when 150 is divided by p?
48
Let x = -16 - -32. Calculate the remainder when 30 is divided by x.
14
Let f(r) = -r**3 + r**2 + 6*r - 4. Calculate the remainder when f(-3) is divided by 5.
4
Suppose 0 = z + 5*b - 7 + 31, 0 = -5*z + 2*b - 93. Let x = 77 - 47. What is the remainder when x is divided by (-3 - z)*(0 + 1)?
14
Let i = -78 + 109. Suppose -x - 4*n - 19 = 0, 0 = -4*n - n. Let q = i + x. What is the remainder when 23 is divided by q?
11
Let u(j) = 5*j**2 - 22*j - 10. What is the remainder when u(7) is divided by 21?
18
Let r = -6 - 2. Let z = 11 + r. What is the remainder when 4 is divided by z?
1
Suppose 13 = v - 58. What is the remainder when v is divided by 37?
34
Suppose -29 + 13 = -m. What is the remainder when m is divided by 10?
6
Suppose n - 2*n + 231 = 0. Suppose -s = 4*a - 23, 0 = -s + 2*s + a - 8. What is the remainder when n/35 - 2/(-5) is divided by s?
1
Let a(b) = -b + 11. Let w = 31 - 21. Let c be a(w). What is the remainder when (-1)/(144/146 - c) is divided by 25?
23
Suppose 5*a - a - 4 = 0. Let w be 0 + a - -1*2. Suppose s + w - 12 = 0. Calculate the remainder when 16 is divided by s.
7
Suppose 3*u - 425 = -4*d, -326 = -3*d + 3*u + 2*u. Calculate the remainder when d is divided by 5.
2
Calculate the remainder when 42 is divided by 1*-1 + (1 - -11).
9
Let d = 71 - 34. Calculate the remainder when d is divided by 13.
11
Let f(y) = -12*y + 8*y - 5*y**3 - 4 + 4*y**3 + 1 - y**2. Suppose 4*b - 17 = -3*x + 2*b, 4*b = -5*x + 31. What is the remainder when f(-2) is divided by x?
0
Let k be 1 - 0 - (1 - 5). Suppose -k - 1 = -2*g. Suppose -b + 70 = b + g*q, -2 = -q. Calculate the remainder when b is divided by 11.
10
Let v = -22 + 35. What is the remainder when 114 is divided by v?
10
Let f = 0 + 8. What is the remainder when 29 is divided by f?
5
Let p(l) = l**2 + 2*l. Let n be p(-3). Suppose -n*q + 3*y - 3 = -y, -6 = -2*y. Calculate the remainder when q is divided by 1.
0
Suppose 2 = -2*s + 3*s. Let k = 4 - s. Suppose -4*m - 3*r = -88, 107 = 3*m + k*m + 3*r. Calculate the remainder when 56 is divided by m.
18
Suppose -4*s + 48 = -h, -3*s - 5*h + 81 = 22. Suppose -n + 4*a = -6*n + 120, -3*a = -n + 24. Calculate the remainder when n is divided by s.
11
Let q(m) = m**2 - 10*m + 42. Calculate the remainder when 51 is divided by q(6).
15
Let b(t) = 8*t - 13. What is the remainder when b(3) is divided by 3?
2
Suppose -4*f - 20 = -4*q, 26 = 4*q + 4*f - 34. What is the remainder when (2/(-1) - -41) + -1 is divided by q?
8
Let s = -62 - -94. What is the remainder when s is divided by 17?
15
Suppose -43 = -2*d + 159. What is the remainder when d is divided by 26?
23
Let v = -25 + 52. What is the remainder when v is divided by 15?
12
Let f = -6 + 14. What is the remainder when 15 is divided by f?
7
Suppose 5*p - 117 = -4*o, -o = 2*p - 3*p - 27. Calculate the remainder when 79 is divided by o.
23
Suppose 5*i - 5*u - 122 = -2, -5*u = 4*i - 78. Suppose -4*a = -9*a + 30. What is the remainder when i is divided by a?
4
Suppose -39 + 7 = -2*q. Calculate the remainder when 62 is divided by q.
14
Let z(m) = -m**2 - 8*m - 4. Let x be z(-6). Suppose x = -l - 5. Let t = l - -33. What is the remainder when t is divided by 7?
6
Let k(j) = 2*j + 3. Calculate the remainder when 90 is divided by k(2).
6
Suppose -2 - 2 = h, h = -2*y + 78. Calculate the remainder when y is divided by 14.
13
Suppose 10*b - 5*b - 5*f = 775, -5*b - 3*f = -735. Calculate the remainder when b is divided by 38.
36
Let u(l) = -l**3 - 5*l**2 - 2*l + 4. Let k be u(-4). Let i = k - -18. Calculate the remainder when 40 is divided by i.
12
Suppose 0 - 4 = u. Suppose -3*f + 2*f + 3*c = -25, 57 = 5*f + 2*c. Calculate the remainder when u/(-14) + 528/14 is divided by f.
12
Let c(x) = -x + 13. Let f(s) = s - 3. Suppose 7 + 13 = 4*d. Calculate the remainder when c(9) is divided by f(d).
0
Let h(p) = p**2 - 6*p + 5. Suppose 4*g + 5 + 3 = -2*a, 2*a + 5*g = -11. What is the remainder when h(8) is divided by 62/6 - a/(-3)?
10
Suppose 0 = 2*b - 5*w - 41, w + 2*w = -2*b + 1. Let l be (-1*1)/(2/58). Let u = -14 - l. What is the remainder when u is divided by b?
7
Let l(b) = -b**2 - 5*b - 2. Let r be l(-4). Suppose 5*c = -4*s + 109, -r*s = c - 4*c + 61. What is the remainder when c is divided by 6?
3
Let j = -49 - -69. Calculate the remainder when 38 is divided by j.
18
Suppose 0 = -3*a + 2*g + 247, -3*a - 5*g + 34 = -220. Calculate the remainder when a is divided by 21.
20
Let x = -119 + 133. Calculate the remainder when 25 is divided by x.
11
Let a(y) = 35*y**2 + 2*y + 1. Calculate the remainder when a(-1) is divided by 7.
6
Let u(h) = h**3 + h + 10. Let l = -57 + 101. Suppose -33 = -3*v + 4*p + l, -v + 44 = -5*p. What is the remainder when v is divided by u(0)?
9
Let m = 32 + -17. Let f(p) = -p**2 + 9*p + 9. Calculate the remainder when m is divided by f(9).
6
Let d(s) = 5*s**2 + s + 1. Suppose 6 = -2*l + 3*i, 4*l - 13 = -5*i - 3. Suppose l = 3*v - 6 - 3. Calculate the remainder when d(-1) is divided by v.
2
Let m = 1 + 1. Suppose p + 8 = m*p. What is the remainder when 15 is divided by p?
7
Suppose 113 = 4*t + 4*y - 27, -2*y = 4*t - 132. Calculate the remainder when t is divided by 12.
7
Let r = -94 - -45. Calculate the remainder when 0 + -3 - (r + 6) is divided by 14.
12
Let m = -68 - -130. Suppose -33*n + 37*n = 64. Calculate the remainder when m is divided by n.
14
Suppose -6*d = -4*d - 26. Calculate the remainder when d is divided by 2/5 + (-112)/(-20) + -2.
1
Let m be 17/5 - (-8)/(-20). Suppose 3 = h, -5*r + 23 = -m*r - h. Calculate the remainder when r is divided by 7.
6
Let m = -1 + 4. Suppose -r - 12 = -s, 0 = -0*s + s + m*r + 8. Let v = -5 + s. Calculate the remainder when v is divided by 1.
0
Suppose 9 - 37 = -4*f. Suppose -2*v - 13 - f = 0. Calculate the remainder when 11 is divided by 2/5 - 56/v.
5
Let f = 5 - -2. Let j(z) = z**2 - 5*z + 3. Let c be (-2 + 1)/(-2)*10. Calculate the remainder when f is divided by j(c).
1
Suppose 4*n = 42 + 34. Suppose -k - 3 + n = -5*t, 0 = 4*k + 5*t - 14. Suppose 3*s = 3*v - s - 50, 3*v = 3*s + 45. What is the remainder when v is divided by k?
4
Suppose 0 = 4*j - t + 95, 0 = -3*j + 4*j + t + 25. Let k = 38 